 a factor of 163445115?
False
Is 7087150035 a multiple of 1077?
True
Does 114 divide 12885990?
True
Is 13 a factor of 170556321?
True
Is 1845 a factor of 71892671?
False
Is 18 a factor of 1014216534?
True
Is 94520085 a multiple of 12?
False
Is 578442391 a multiple of 23?
False
Is 12836371 a multiple of 4770?
False
Is 27 a factor of 6184944?
True
Is 3 a factor of 1066661574?
True
Is 48623470 a multiple of 177?
False
Does 838 divide 672832714?
True
Is 61 a factor of 212263388?
False
Is 13 a factor of 43045691?
True
Does 17 divide 405696089?
False
Is 3394066482 a multiple of 171?
True
Is 84 a factor of 22536725?
False
Is 25 a factor of 13972705?
False
Is 36 a factor of 3875220?
True
Is 1306 a factor of 55164134?
True
Is 495 a factor of 116459640?
True
Does 512 divide 40689664?
True
Is 1137 a factor of 284619756?
False
Does 11 divide 24514840?
False
Does 9 divide 20821983?
False
Is 14 a factor of 44596090?
True
Does 35 divide 34226304?
False
Is 143 a factor of 1146371808?
False
Is 69915903 a multiple of 97?
False
Is 551 a factor of 4677990?
True
Is 1209438 a multiple of 880?
False
Is 27 a factor of 3686526?
True
Is 47 a factor of 1821814?
True
Is 1199 a factor of 26982901?
False
Is 61 a factor of 8245125?
False
Is 258 a factor of 782742384?
False
Is 8 a factor of 4425175?
False
Is 264 a factor of 151567762?
False
Is 8 a factor of 316962680?
True
Does 1245 divide 7040893?
False
Is 79 a factor of 40058?
False
Does 7 divide 1017757377?
True
Is 104 a factor of 253984?
False
Is 469 a factor of 20317341?
False
Does 82 divide 3472126?
True
Does 184 divide 14146413?
False
Is 619 a factor of 28649796?
True
Is 8221776 a multiple of 942?
True
Is 929 a factor of 56172914?
True
Is 129349372 a multiple of 772?
True
Is 29 a factor of 397324447?
True
Is 515108880 a multiple of 1560?
True
Is 4971056 a multiple of 12?
False
Is 71511552 a multiple of 27?
True
Is 176 a factor of 587417776?
True
Is 10 a factor of 893909213?
False
Is 131464650 a multiple of 15?
True
Is 8113 a factor of 1217939786?
True
Is 8371289 a multiple of 10?
False
Does 5490 divide 1755361620?
True
Does 22 divide 25549364?
False
Is 110979786 a multiple of 96?
False
Is 47 a factor of 57613070?
True
Is 4 a factor of 244561356?
True
Is 27261656 a multiple of 9?
False
Is 831904515 a multiple of 45?
True
Is 13 a factor of 582953914?
False
Is 38232045 a multiple of 45?
True
Does 14 divide 549730230?
True
Does 3160 divide 62555253?
False
Is 13 a factor of 214069810?
False
Is 89 a factor of 25640412?
False
Is 694 a factor of 1176327109?
False
Is 336412872 a multiple of 54?
True
Does 6 divide 1321677990?
True
Does 82 divide 161747769?
False
Does 456 divide 27323391?
False
Is 10693 a factor of 3003931025?
True
Is 15189 a factor of 3087257839?
False
Is 92 a factor of 8082489?
False
Is 138055394 a multiple of 622?
False
Is 9 a factor of 86004855?
True
Is 146638800 a multiple of 110?
True
Does 52 divide 187754616?
False
Is 885896027 a multiple of 444?
False
Is 1691 a factor of 432341201?
False
Does 28 divide 241397146?
False
Is 50167354 a multiple of 3?
False
Is 9411 a factor of 311061783?
True
Does 508 divide 37313108?
True
Is 2475818164 a multiple of 187?
False
Does 26 divide 1498825146?
True
Is 9232566 a multiple of 21?
True
Is 27412195 a multiple of 509?
True
Does 29 divide 4645640?
False
Does 16 divide 4758777713?
False
Is 1196 a factor of 637450060?
True
Is 42 a factor of 292054266?
True
Is 29757876 a multiple of 19?
True
Does 301 divide 300665924?
False
Is 15 a factor of 131966923?
False
Does 157 divide 893294832?
True
Is 2 a factor of 22657077?
False
Does 22 divide 48605700?
True
Is 23 a factor of 115833129?
True
Is 14084151 a multiple of 233?
True
Is 691287750 a multiple of 675?
True
Is 229291038 a multiple of 7?
False
Is 9608292 a multiple of 70?
False
Is 286 a factor of 13092083?
False
Is 605710128 a multiple of 478?
True
Does 127 divide 236879618?
False
Is 18031303 a multiple of 528?
False
Is 187 a factor of 6993996?
False
Does 10 divide 2670786?
False
Is 103 a factor of 879959900?
True
Is 11 a factor of 2613867058?
True
Is 22 a factor of 1705711304?
True
Does 254 divide 5210457?
False
Is 2223 a factor of 56262006?
False
Is 41202257 a multiple of 14?
False
Does 268 divide 4581613?
False
Does 4369 divide 557519352?
True
Does 7 divide 8057681?
False
Is 74 a factor of 1993173?
False
Is 10 a factor of 702281970?
True
Is 104026778 a multiple of 4?
False
Is 22652976 a multiple of 3128?
True
Is 45 a factor of 4501949?
False
Is 983933301 a multiple of 633?
True
Is 3130830 a multiple of 809?
True
Does 108 divide 1063267992?
True
Is 260232639 a multiple of 7?
False
Is 17 a factor of 139521686?
True
Is 13142808 a multiple of 267?
True
Does 2446 divide 1449585302?
False
Is 16 a factor of 7924432?
True
Does 11 divide 750592326?
True
Is 16225587 a multiple of 581?
True
Is 15 a factor of 505852350?
True
Is 20195449 a multiple of 52?
False
Does 168 divide 2252276137?
False
Is 61699609 a multiple of 61?
True
Is 416941313 a multiple of 28?
False
Does 51 divide 337822572?
True
Is 53684124 a multiple of 689?
True
Does 4510 divide 1809407490?
True
Is 411876660 a multiple of 586?
False
Is 52418145 a multiple of 195?
True
Is 73 a factor of 103106309?
False
Does 292 divide 19014456?
True
Is 233 a factor of 12415172?
True
Is 2172105 a multiple of 13?
True
Does 30 divide 1494517918?
False
Is 1832661871 a multiple of 64?
False
Is 71026673 a multiple of 31?
True
Is 48 a factor of 155930797?
False
Is 3006 a factor of 20539998?
True
Is 224 a factor of 568061984?
True
Does 1584 divide 13768128?
True
Is 29901617 a multiple of 1345?
False
Does 10 divide 2360558968?
False
Is 48326444 a multiple of 140?
False
Is 260 a factor of 324729600?
True
Is 4889 a factor of 288531057?
False
Is 2277563000 a multiple of 16?
False
Does 28 divide 306411502?
False
Does 731 divide 173102201?
False
Is 7 a factor of 7281316?
True
Does 56 divide 575312864?
True
Is 1597584159 a multiple of 661?
False
Is 2566862392 a multiple of 2051?
False
Does 2612 divide 170427776?
True
Is 1753 a factor of 854612042?
True
Is 153363072 a multiple of 8?
True
Is 145 a factor of 9977595?
True
Is 120018103 a multiple of 6?
False
Is 78387636 a multiple of 159?
True
Does 82 divide 6932352?
False
Is 39 a factor of 27852435?
True
Does 9 divide 21412460?
False
Is 178812585 a multiple of 63?
True
Does 401 divide 33536031?
True
Is 462004632 a multiple of 1747?
True
Is 469 a factor of 1016557041?
False
Is 39 a factor of 45995276?
False
Is 9343744 a multiple of 17?
True
Is 365175652 a multiple of 614?
False
Is 10 a factor of 26346430?
True
Is 22599953 a multiple of 160?
False
Does 153 divide 1732042161?
True
Does 67 divide 1636985478?
False
Is 3913 a factor of 6547450423?
False
Does 3055 divide 282544730?
True
Does 403 divide 124085788?
False
Is 965400670 a multiple of 481?
True
Does 623 divide 263520278?
True
Does 119 divide 282558717?
True
Is 269 a factor of 543049140?
False
Is 218 a factor of 32392184?
True
Is 2106 a factor of 144180972?
True
Is 4 a factor of 483996731?
False
Is 2751648760 a multiple of 140?
True
Does 15 divide 10826130?
True
Does 13 divide 3171294?
False
Is 323323588 a multiple of 833?
False
Is 148 a factor of 10823832?
True
Is 167 a factor of 307710860?
True
Is 815043083 a multiple of 252?
False
Is 7451 a factor of 4708203703?
False
Is 11 a factor of 5010350?
False
Does 220 divide 29020420?
True
Is 830 a factor of 14783603?
False
Is 13 a factor of 142982643?
False
Is 541761243 a multiple of 1016?
False
Is 1120544681 a multiple of 971?
True
Is 25428624 a multiple of 24?
True
Is 1533 a factor of 94271835?
True
Is 158 a factor of 3476052504?
False
Does 28 divide 26856032?
True
Is 181 a factor of 90013653?
True
Is 34 a factor of 57053156?
True
Does 12 divide 765924?
True
Is 9622879 a multiple of 86?
False
Does 139 divide 136301730?
False
Does 2167 divide 150919939?
False
Is 20976216 a multiple of 24?
True
Is 23 a factor of 118232420?
True
Is 149 a factor of 742718748?
False
Does 1111 divide 21734624?
False
Is 28995293 a multiple of 14?
False
Is 195068300 a multiple of 50?
True
Is 444484766 a multiple of 3229?
True
Is 187786030 a multiple of 46?
True
Does 90 divide 4600980?
True
Is 1123 a factor of 101565589?
False
Is 824959755 a multiple of 6?
False
Is 277551